{"id":1223,"date":"2016-01-09T17:35:42","date_gmt":"2016-01-09T16:35:42","guid":{"rendered":"http:\/\/www.knichip.pw.edu.pl\/?page_id=1223"},"modified":"2025-02-19T19:22:10","modified_gmt":"2025-02-19T18:22:10","slug":"nagrody","status":"publish","type":"page","link":"https:\/\/www.knichip.pw.edu.pl\/?page_id=1223","title":{"rendered":"Nagrody"},"content":{"rendered":"<p>Ko\u0142o Naukowe In\u017cynierii Chemicznej i Procesowej mo\u017ce si\u0119 pochwali\u0107 licznymi nagrodami przyznawanymi przez r\u00f3\u017cne organizacje, oto ich lista:<\/p>\n<ul>\n<li><a href=\"https:\/\/www.knichip.pw.edu.pl\/?p=2385\">Ko\u0142o XX-lecia KONIKA<\/a><\/li>\n<li><a href=\"http:\/\/www.knichip.pw.edu.pl\/?p=1411\" target=\"_blank\" rel=\"noopener\">StRuNa 2016<\/a><\/li>\n<li><a href=\"https:\/\/www.facebook.com\/KNIChiP\/posts\/851511698351416\" target=\"_blank\" rel=\"noopener\">In\u017cynieria Sukcesu 2015<\/a><\/li>\n<li><a href=\"http:\/\/www.knichip.pw.edu.pl\/?p=1075\" target=\"_blank\" rel=\"noopener\">StRuNa 2015<\/a><\/li>\n<li><a href=\"http:\/\/www.knichip.pw.edu.pl\/?page_id=1228\" target=\"_blank\" rel=\"noopener\">In\u017cynieria Sukcesu 2015<\/a><\/li>\n<li><a href=\"http:\/\/www.knichip.pw.edu.pl\/?p=1217\" target=\"_blank\" rel=\"noopener\">Nagroda SSPW 2015<\/a><\/li>\n<li><a href=\"http:\/\/www.knichip.pw.edu.pl\/?page_id=1244\" target=\"_blank\" rel=\"noopener\">StRuNa 2014<\/a><\/li>\n<\/ul>\n","protected":false},"excerpt":{"rendered":"<p>Ko\u0142o Naukowe In\u017cynierii Chemicznej i Procesowej mo\u017ce si\u0119 pochwali\u0107 licznymi nagrodami przyznawanymi przez r\u00f3\u017cne organizacje, oto ich lista: Ko\u0142o XX-lecia KONIKA StRuNa 2016 In\u017cynieria Sukcesu 2015 StRuNa 2015 In\u017cynieria Sukcesu 2015 Nagroda SSPW 2015 StRuNa 2014<\/p>\n","protected":false},"author":17,"featured_media":0,"parent":0,"menu_order":0,"comment_status":"closed","ping_status":"open","template":"","meta":{"footnotes":""},"class_list":["post-1223","page","type-page","status-publish"],"_links":{"self":[{"href":"https:\/\/www.knichip.pw.edu.pl\/index.php?rest_route=\/wp\/v2\/pages\/1223","targetHints":{"allow":["GET"]}}],"collection":[{"href":"https:\/\/www.knichip.pw.edu.pl\/index.php?rest_route=\/wp\/v2\/pages"}],"about":[{"href":"https:\/\/www.knichip.pw.edu.pl\/index.php?rest_route=\/wp\/v2\/types\/page"}],"author":[{"embeddable":true,"href":"https:\/\/www.knichip.pw.edu.pl\/index.php?rest_route=\/wp\/v2\/users\/17"}],"replies":[{"embeddable":true,"href":"https:\/\/www.knichip.pw.edu.pl\/index.php?rest_route=%2Fwp%2Fv2%2Fcomments&post=1223"}],"version-history":[{"count":6,"href":"https:\/\/www.knichip.pw.edu.pl\/index.php?rest_route=\/wp\/v2\/pages\/1223\/revisions"}],"predecessor-version":[{"id":2521,"href":"https:\/\/www.knichip.pw.edu.pl\/index.php?rest_route=\/wp\/v2\/pages\/1223\/revisions\/2521"}],"wp:attachment":[{"href":"https:\/\/www.knichip.pw.edu.pl\/index.php?rest_route=%2Fwp%2Fv2%2Fmedia&parent=1223"}],"curies":[{"name":"wp","href":"https:\/\/api.w.org\/{rel}","templated":true}]}}