{"id":1621,"date":"2019-10-25T20:07:55","date_gmt":"2019-10-25T19:07:55","guid":{"rendered":"http:\/\/www.knichip.pw.edu.pl\/?page_id=1621"},"modified":"2020-10-21T15:52:42","modified_gmt":"2020-10-21T14:52:42","slug":"konik-2019","status":"publish","type":"page","link":"https:\/\/www.knichip.pw.edu.pl\/?page_id=1621","title":{"rendered":"KONIK 2019"},"content":{"rendered":"\n<p>W tym roku po raz kolejny pojawili\u015bmy si\u0119 na Targach K\u00f3\u0142 Naukowych i Organizacji Studenckich KONIK w Gmachu G\u0142\u00f3wnym PW \ud83d\ude42<\/p>\n\n\n\n<p>Prezentowali\u015bmy tam nasze najnowsze dzie\u0142o &#8211; Instalacj\u0119 Browarnicz\u0105 IChiPiwo! Wzbudza\u0142a nie lada emocje. Na naszym stoisku mo\u017cna te\u017c by\u0142o obejrze\u0107 kompozyty grafenowe i protezy naczy\u0144 wie\u0144cowych produkowane u nas na wydziale. Opowiadali\u015bmy tak\u017ce o innych naszych projektach, g\u0142\u00f3wnie o corocznej konferencji EYEC (European Young Engineers Conference) &#8211; odb\u0119dzie si\u0119 w kwietniu 2020, a ju\u017c dzielnie pracujemy!<\/p>\n\n\n\n<p>Przy tym wszystkim mo\u017cna by\u0142o si\u0119 u nas napi\u0107 ciep\u0142ej herbatki, kt\u00f3ra spycha\u0142a ch\u0142odn\u0105 pogod\u0119 na dalszy plan \ud83d\ude42<\/p>\n\n\n\n<figure class=\"wp-block-image\"><img fetchpriority=\"high\" decoding=\"async\" width=\"768\" height=\"1024\" src=\"http:\/\/www.knichip.pw.edu.pl\/wp-content\/uploads\/2019\/10\/71717142_684403132055767_3975907167856230400_n-768x1024.jpg\" alt=\"\" class=\"wp-image-1494\" srcset=\"https:\/\/www.knichip.pw.edu.pl\/wp-content\/uploads\/2019\/10\/71717142_684403132055767_3975907167856230400_n-768x1024.jpg 768w, https:\/\/www.knichip.pw.edu.pl\/wp-content\/uploads\/2019\/10\/71717142_684403132055767_3975907167856230400_n-225x300.jpg 225w, https:\/\/www.knichip.pw.edu.pl\/wp-content\/uploads\/2019\/10\/71717142_684403132055767_3975907167856230400_n.jpg 1536w\" sizes=\"(max-width: 768px) 100vw, 768px\" \/><\/figure>\n","protected":false},"excerpt":{"rendered":"<p>W tym roku po raz kolejny pojawili\u015bmy si\u0119 na Targach K\u00f3\u0142 Naukowych i Organizacji Studenckich KONIK w Gmachu G\u0142\u00f3wnym PW \ud83d\ude42 Prezentowali\u015bmy tam nasze najnowsze dzie\u0142o &#8211; Instalacj\u0119 Browarnicz\u0105 IChiPiwo! Wzbudza\u0142a nie lada emocje. Na naszym stoisku mo\u017cna te\u017c by\u0142o obejrze\u0107 kompozyty grafenowe i protezy naczy\u0144 wie\u0144cowych produkowane u nas na wydziale. Opowiadali\u015bmy tak\u017ce o &#8230; <a title=\"KONIK 2019\" class=\"read-more\" href=\"https:\/\/www.knichip.pw.edu.pl\/?page_id=1621\" aria-label=\"Read more about KONIK 2019\">Dowiedz si\u0119 wi\u0119cej<\/a><\/p>\n","protected":false},"author":21,"featured_media":0,"parent":0,"menu_order":0,"comment_status":"closed","ping_status":"closed","template":"","meta":{"footnotes":""},"class_list":["post-1621","page","type-page","status-publish"],"_links":{"self":[{"href":"https:\/\/www.knichip.pw.edu.pl\/index.php?rest_route=\/wp\/v2\/pages\/1621","targetHints":{"allow":["GET"]}}],"collection":[{"href":"https:\/\/www.knichip.pw.edu.pl\/index.php?rest_route=\/wp\/v2\/pages"}],"about":[{"href":"https:\/\/www.knichip.pw.edu.pl\/index.php?rest_route=\/wp\/v2\/types\/page"}],"author":[{"embeddable":true,"href":"https:\/\/www.knichip.pw.edu.pl\/index.php?rest_route=\/wp\/v2\/users\/21"}],"replies":[{"embeddable":true,"href":"https:\/\/www.knichip.pw.edu.pl\/index.php?rest_route=%2Fwp%2Fv2%2Fcomments&post=1621"}],"version-history":[{"count":2,"href":"https:\/\/www.knichip.pw.edu.pl\/index.php?rest_route=\/wp\/v2\/pages\/1621\/revisions"}],"predecessor-version":[{"id":1967,"href":"https:\/\/www.knichip.pw.edu.pl\/index.php?rest_route=\/wp\/v2\/pages\/1621\/revisions\/1967"}],"wp:attachment":[{"href":"https:\/\/www.knichip.pw.edu.pl\/index.php?rest_route=%2Fwp%2Fv2%2Fmedia&parent=1621"}],"curies":[{"name":"wp","href":"https:\/\/api.w.org\/{rel}","templated":true}]}}