{"id":177,"date":"2013-04-25T20:57:53","date_gmt":"2013-04-25T20:57:53","guid":{"rendered":"http:\/\/www.knichip.pw.edu.pl\/?page_id=177"},"modified":"2013-04-25T22:04:44","modified_gmt":"2013-04-25T22:04:44","slug":"konik-2012","status":"publish","type":"page","link":"https:\/\/www.knichip.pw.edu.pl\/?page_id=177","title":{"rendered":"&#8222;KONIK&#8221; 2012"},"content":{"rendered":"<p align=\"center\"><strong><i>Targi K\u00f3\u0142 <\/i><i>Naukowych i Organizacji Studenckich \u201eKONIK\u201d<\/i>\u00a0<\/strong> <i><\/i><\/p>\n<p>W dniach 10-11 pa\u017adziernika 2012 w Gmachu G\u0142\u00f3wnym Politechniki Warszawskiej odby\u0142y si\u0119 Targi K\u00f3\u0142 Naukowych i Organizacji Studenckich \u201eKONIK\u201d. Jest to najwi\u0119ksze tego typu przedsi\u0119wzi\u0119cie, na kt\u00f3rym organizacje studenckie oraz media Politechniki maj\u0105 mo\u017cliwo\u015b\u0107 zaprezentowania swojego profilu dzia\u0142alno\u015bci, osi\u0105gni\u0119\u0107 oraz prowadzonych projekt\u00f3w. Studenci pokazuj\u0105 co robi\u0105 poza zaj\u0119ciami i przekonuj\u0105, \u017ce wiedz\u0119 teoretyczn\u0105 mo\u017cna wykorzysta\u0107 w praktyce, ucz\u0105c si\u0119 rozwi\u0105zywania rozmaitych problem\u00f3w technicznych i przyjemnie sp\u0119dzaj\u0105c przy tym czas.<\/p>\n<p>KNIChiP drugi rok z rz\u0119du zosta\u0142o wyr\u00f3\u017cnione za stoisko zaprezentowane na targach.\u00a0Na Stanowisku KNIChiP przedstawione by\u0142y nast\u0119puj\u0105ce do\u015bwiadczenia:<\/p>\n<h4>1) <a href=\"http:\/\/www.knichip.pw.edu.pl\/?page_id=131\" target=\"_blank\">Mieszalniki statyczne<\/a><\/h4>\n<h4>2) Mieszalnik z uk\u0142adem dyspersyjnym ciecz-ciecz<\/h4>\n<h4>3) Mieszalnik cia\u0142 sta\u0142ych<\/h4>\n<h4>4) Praca <a href=\"http:\/\/www.knichip.pw.edu.pl\/?page_id=98\" target=\"_blank\">sztucznego p\u0142uca<\/a><\/h4>\n<h4>5) Cyklon<\/h4>\n<p><strong>Koordynator:<\/strong><\/p>\n<p style=\"padding-left: 30px;\"><strong>in\u017c. Anna Ryba\u0142towska<\/strong><\/p>\n","protected":false},"excerpt":{"rendered":"<p>Targi K\u00f3\u0142 Naukowych i Organizacji Studenckich \u201eKONIK\u201d\u00a0 W dniach 10-11 pa\u017adziernika 2012 w Gmachu G\u0142\u00f3wnym Politechniki Warszawskiej odby\u0142y si\u0119 Targi K\u00f3\u0142 Naukowych i Organizacji Studenckich \u201eKONIK\u201d. Jest to najwi\u0119ksze tego typu przedsi\u0119wzi\u0119cie, na kt\u00f3rym organizacje studenckie oraz media Politechniki maj\u0105 mo\u017cliwo\u015b\u0107 zaprezentowania swojego profilu dzia\u0142alno\u015bci, osi\u0105gni\u0119\u0107 oraz prowadzonych projekt\u00f3w. Studenci pokazuj\u0105 co robi\u0105 poza zaj\u0119ciami &#8230; <a title=\"&#8222;KONIK&#8221; 2012\" class=\"read-more\" href=\"https:\/\/www.knichip.pw.edu.pl\/?page_id=177\" aria-label=\"Read more about &#8222;KONIK&#8221; 2012\">Dowiedz si\u0119 wi\u0119cej<\/a><\/p>\n","protected":false},"author":17,"featured_media":0,"parent":13,"menu_order":0,"comment_status":"closed","ping_status":"open","template":"","meta":{"footnotes":""},"class_list":["post-177","page","type-page","status-publish"],"_links":{"self":[{"href":"https:\/\/www.knichip.pw.edu.pl\/index.php?rest_route=\/wp\/v2\/pages\/177","targetHints":{"allow":["GET"]}}],"collection":[{"href":"https:\/\/www.knichip.pw.edu.pl\/index.php?rest_route=\/wp\/v2\/pages"}],"about":[{"href":"https:\/\/www.knichip.pw.edu.pl\/index.php?rest_route=\/wp\/v2\/types\/page"}],"author":[{"embeddable":true,"href":"https:\/\/www.knichip.pw.edu.pl\/index.php?rest_route=\/wp\/v2\/users\/17"}],"replies":[{"embeddable":true,"href":"https:\/\/www.knichip.pw.edu.pl\/index.php?rest_route=%2Fwp%2Fv2%2Fcomments&post=177"}],"version-history":[{"count":5,"href":"https:\/\/www.knichip.pw.edu.pl\/index.php?rest_route=\/wp\/v2\/pages\/177\/revisions"}],"predecessor-version":[{"id":210,"href":"https:\/\/www.knichip.pw.edu.pl\/index.php?rest_route=\/wp\/v2\/pages\/177\/revisions\/210"}],"up":[{"embeddable":true,"href":"https:\/\/www.knichip.pw.edu.pl\/index.php?rest_route=\/wp\/v2\/pages\/13"}],"wp:attachment":[{"href":"https:\/\/www.knichip.pw.edu.pl\/index.php?rest_route=%2Fwp%2Fv2%2Fmedia&parent=177"}],"curies":[{"name":"wp","href":"https:\/\/api.w.org\/{rel}","templated":true}]}}