{"id":1789,"date":"2019-11-05T12:03:50","date_gmt":"2019-11-05T11:03:50","guid":{"rendered":"http:\/\/www.knichip.pw.edu.pl\/?page_id=1789"},"modified":"2019-11-05T12:19:56","modified_gmt":"2019-11-05T11:19:56","slug":"zloze-fluidalne","status":"publish","type":"page","link":"https:\/\/www.knichip.pw.edu.pl\/?page_id=1789","title":{"rendered":"Z\u0142o\u017ce fluidalne"},"content":{"rendered":"\n<p>Wykonali\u015bmy model z\u0142o\u017ca fluidalnego szeroko wykorzystywanego w przemy\u015ble energetycznym, chemicznym, jak i spo\u017cywczym. Umie\u015bcili\u015bmy system rurek przy dnie plastikowego pojemnika i zasypali\u015bmy piaskiem akwarystycznym. Rurki maj\u0105 niewielkie otwory od spodu, \u017ceby po pod\u0142\u0105czeniu uk\u0142adu do kompresora, powietrze mog\u0142o si\u0119 swobodnie wydostawa\u0107 na zewn\u0105trz, unosz\u0105c piasek, kt\u00f3ry nie zatka otwor\u00f3w. Uk\u0142ad mo\u017cna odci\u0105\u0107 od kompresora zaworem kulowym. <\/p>\n\n\n\n<p>Stan fluidyzacji jest stanem niestabilnym, w kt\u00f3rym si\u0142a grawitacji chwilowo zr\u00f3wnuje si\u0119 z si\u0142\u0105 wyporu pochodz\u0105c\u0105 od przep\u0142ywaj\u0105cego powietrza. Cz\u0105stki lub ziarna materia\u0142u (w naszym przypadku piasku) s\u0105 zawieszane i opadaj\u0105 sprawiaj\u0105c wra\u017cenie p\u0142ynu. Taka &#8222;zawiesina&#8221; ma cechy p\u0142ynu, takie jak lepko\u015b\u0107 czy dzia\u0142anie si\u0142y wyporu na zanurzone w niej obiekty (najlepiej wida\u0107 to na przyk\u0142adzie pi\u0142ek do pingponga). Z\u0142o\u017ce fluidalne wykorzystuje si\u0119 do zintensyfikowania proces\u00f3w wymiany masy i ciep\u0142a, zwi\u0119kszaj\u0105c powierzchni\u0119 mi\u0119dzyfazow\u0105 p\u0142yn &#8211; cia\u0142o sta\u0142e, np. podczas spalania mia\u0142u w\u0119glowego lub mro\u017cenia delikatnych owoc\u00f3w.<\/p>\n\n\n\n<figure class=\"wp-block-image\"><img fetchpriority=\"high\" decoding=\"async\" width=\"4128\" height=\"2322\" src=\"http:\/\/www.knichip.pw.edu.pl\/wp-content\/uploads\/2019\/11\/20180609_120327.jpg\" alt=\"\" class=\"wp-image-1807\" srcset=\"https:\/\/www.knichip.pw.edu.pl\/wp-content\/uploads\/2019\/11\/20180609_120327.jpg 4128w, https:\/\/www.knichip.pw.edu.pl\/wp-content\/uploads\/2019\/11\/20180609_120327-300x169.jpg 300w, https:\/\/www.knichip.pw.edu.pl\/wp-content\/uploads\/2019\/11\/20180609_120327-768x432.jpg 768w, https:\/\/www.knichip.pw.edu.pl\/wp-content\/uploads\/2019\/11\/20180609_120327-1024x576.jpg 1024w\" sizes=\"(max-width: 4128px) 100vw, 4128px\" \/><\/figure>\n\n\n\n<figure class=\"wp-block-image\"><img decoding=\"async\" width=\"4128\" height=\"2322\" src=\"http:\/\/www.knichip.pw.edu.pl\/wp-content\/uploads\/2019\/11\/20180609_120345.jpg\" alt=\"\" class=\"wp-image-1808\" srcset=\"https:\/\/www.knichip.pw.edu.pl\/wp-content\/uploads\/2019\/11\/20180609_120345.jpg 4128w, https:\/\/www.knichip.pw.edu.pl\/wp-content\/uploads\/2019\/11\/20180609_120345-300x169.jpg 300w, https:\/\/www.knichip.pw.edu.pl\/wp-content\/uploads\/2019\/11\/20180609_120345-768x432.jpg 768w, https:\/\/www.knichip.pw.edu.pl\/wp-content\/uploads\/2019\/11\/20180609_120345-1024x576.jpg 1024w\" sizes=\"(max-width: 4128px) 100vw, 4128px\" \/><\/figure>\n\n\n\n<figure class=\"wp-block-image\"><img decoding=\"async\" width=\"4128\" height=\"2322\" src=\"http:\/\/www.knichip.pw.edu.pl\/wp-content\/uploads\/2019\/11\/20180609_121304.jpg\" alt=\"\" class=\"wp-image-1809\" srcset=\"https:\/\/www.knichip.pw.edu.pl\/wp-content\/uploads\/2019\/11\/20180609_121304.jpg 4128w, https:\/\/www.knichip.pw.edu.pl\/wp-content\/uploads\/2019\/11\/20180609_121304-300x169.jpg 300w, https:\/\/www.knichip.pw.edu.pl\/wp-content\/uploads\/2019\/11\/20180609_121304-768x432.jpg 768w, https:\/\/www.knichip.pw.edu.pl\/wp-content\/uploads\/2019\/11\/20180609_121304-1024x576.jpg 1024w\" sizes=\"(max-width: 4128px) 100vw, 4128px\" \/><\/figure>\n\n\n\n<figure class=\"wp-block-image\"><img loading=\"lazy\" decoding=\"async\" width=\"4128\" height=\"2322\" src=\"http:\/\/www.knichip.pw.edu.pl\/wp-content\/uploads\/2019\/11\/20180609_135242.jpg\" alt=\"\" class=\"wp-image-1810\" srcset=\"https:\/\/www.knichip.pw.edu.pl\/wp-content\/uploads\/2019\/11\/20180609_135242.jpg 4128w, https:\/\/www.knichip.pw.edu.pl\/wp-content\/uploads\/2019\/11\/20180609_135242-300x169.jpg 300w, https:\/\/www.knichip.pw.edu.pl\/wp-content\/uploads\/2019\/11\/20180609_135242-768x432.jpg 768w, https:\/\/www.knichip.pw.edu.pl\/wp-content\/uploads\/2019\/11\/20180609_135242-1024x576.jpg 1024w\" sizes=\"(max-width: 4128px) 100vw, 4128px\" \/><\/figure>\n","protected":false},"excerpt":{"rendered":"<p>Wykonali\u015bmy model z\u0142o\u017ca fluidalnego szeroko wykorzystywanego w przemy\u015ble energetycznym, chemicznym, jak i spo\u017cywczym. Umie\u015bcili\u015bmy system rurek przy dnie plastikowego pojemnika i zasypali\u015bmy piaskiem akwarystycznym. Rurki maj\u0105 niewielkie otwory od spodu, \u017ceby po pod\u0142\u0105czeniu uk\u0142adu do kompresora, powietrze mog\u0142o si\u0119 swobodnie wydostawa\u0107 na zewn\u0105trz, unosz\u0105c piasek, kt\u00f3ry nie zatka otwor\u00f3w. Uk\u0142ad mo\u017cna odci\u0105\u0107 od kompresora zaworem &#8230; <a title=\"Z\u0142o\u017ce fluidalne\" class=\"read-more\" href=\"https:\/\/www.knichip.pw.edu.pl\/?page_id=1789\" aria-label=\"Read more about Z\u0142o\u017ce fluidalne\">Dowiedz si\u0119 wi\u0119cej<\/a><\/p>\n","protected":false},"author":21,"featured_media":0,"parent":0,"menu_order":0,"comment_status":"closed","ping_status":"closed","template":"","meta":{"footnotes":""},"class_list":["post-1789","page","type-page","status-publish"],"_links":{"self":[{"href":"https:\/\/www.knichip.pw.edu.pl\/index.php?rest_route=\/wp\/v2\/pages\/1789","targetHints":{"allow":["GET"]}}],"collection":[{"href":"https:\/\/www.knichip.pw.edu.pl\/index.php?rest_route=\/wp\/v2\/pages"}],"about":[{"href":"https:\/\/www.knichip.pw.edu.pl\/index.php?rest_route=\/wp\/v2\/types\/page"}],"author":[{"embeddable":true,"href":"https:\/\/www.knichip.pw.edu.pl\/index.php?rest_route=\/wp\/v2\/users\/21"}],"replies":[{"embeddable":true,"href":"https:\/\/www.knichip.pw.edu.pl\/index.php?rest_route=%2Fwp%2Fv2%2Fcomments&post=1789"}],"version-history":[{"count":2,"href":"https:\/\/www.knichip.pw.edu.pl\/index.php?rest_route=\/wp\/v2\/pages\/1789\/revisions"}],"predecessor-version":[{"id":1811,"href":"https:\/\/www.knichip.pw.edu.pl\/index.php?rest_route=\/wp\/v2\/pages\/1789\/revisions\/1811"}],"wp:attachment":[{"href":"https:\/\/www.knichip.pw.edu.pl\/index.php?rest_route=%2Fwp%2Fv2%2Fmedia&parent=1789"}],"curies":[{"name":"wp","href":"https:\/\/api.w.org\/{rel}","templated":true}]}}