{"id":2006,"date":"2021-01-01T18:14:34","date_gmt":"2021-01-01T17:14:34","guid":{"rendered":"http:\/\/www.knichip.pw.edu.pl\/?page_id=2006"},"modified":"2021-01-01T18:18:35","modified_gmt":"2021-01-01T17:18:35","slug":"festiwal-nauki-2019","status":"publish","type":"page","link":"https:\/\/www.knichip.pw.edu.pl\/?page_id=2006","title":{"rendered":"Festiwal Nauki 2019"},"content":{"rendered":"\n<p> Festiwal Nauki jest kolejnym wydarzeniem, w kt\u00f3rym bierze udzia\u0142 KN IChiP! Za nami pierwsza lekcja festiwalowa o enigmatycznej nazwie &#8222;Mi\u0119dzy magi\u0105 a nauk\u0105&#8221;. Uczestnicy mogli do\u015bwiadczy\u0107 niesamowitych pokaz\u00f3w oraz wykona\u0107 przer\u00f3\u017cne eksperymenty. Okaza\u0142o si\u0119, \u017ce magi\u0119 od nauki dzieli naprawd\u0119 niewiele, czasem wystarczy olej i barwniki spo\u017cywcze \ud83d\ude09 <\/p>\n\n\n\n<p> Uczniowie zagrali w ping-ponga ba\u0144k\u0105 mydlan\u0105, pisali na kartce bateriami, stworzyli lamp\u0119 law\u0119 z kuchennych odczynnik\u00f3w (zapisali przepis i obiecali pokaza\u0107 rodzicom!), spalali pieni\u0105dze bez ich niszczenia, stworzyli sztuczn\u0105 krew&#8230; oraz zbudowali samoloty z papierowych kubeczk\u00f3w. Lata\u0142y! A ju\u017c w czwartek kolejna lekcja festiwalowa. Tym razem przeprowadzimy szkolenie na tajnych agent\u00f3w!!!<\/p>\n\n\n\n<div class=\"wp-block-image\"><figure class=\"aligncenter\"><img fetchpriority=\"high\" decoding=\"async\" width=\"1024\" height=\"768\" src=\"http:\/\/www.knichip.pw.edu.pl\/wp-content\/uploads\/2021\/01\/1-1024x768.jpg\" alt=\"\" class=\"wp-image-2010\" srcset=\"https:\/\/www.knichip.pw.edu.pl\/wp-content\/uploads\/2021\/01\/1-1024x768.jpg 1024w, https:\/\/www.knichip.pw.edu.pl\/wp-content\/uploads\/2021\/01\/1-300x225.jpg 300w, https:\/\/www.knichip.pw.edu.pl\/wp-content\/uploads\/2021\/01\/1-768x576.jpg 768w, https:\/\/www.knichip.pw.edu.pl\/wp-content\/uploads\/2021\/01\/1.jpg 2048w\" sizes=\"(max-width: 1024px) 100vw, 1024px\" \/><\/figure><\/div>\n\n\n\n<div class=\"wp-block-image\"><figure class=\"aligncenter\"><img decoding=\"async\" width=\"1024\" height=\"768\" src=\"http:\/\/www.knichip.pw.edu.pl\/wp-content\/uploads\/2021\/01\/2-1024x768.jpg\" alt=\"\" class=\"wp-image-2011\" srcset=\"https:\/\/www.knichip.pw.edu.pl\/wp-content\/uploads\/2021\/01\/2-1024x768.jpg 1024w, https:\/\/www.knichip.pw.edu.pl\/wp-content\/uploads\/2021\/01\/2-300x225.jpg 300w, https:\/\/www.knichip.pw.edu.pl\/wp-content\/uploads\/2021\/01\/2-768x576.jpg 768w, https:\/\/www.knichip.pw.edu.pl\/wp-content\/uploads\/2021\/01\/2.jpg 2048w\" sizes=\"(max-width: 1024px) 100vw, 1024px\" \/><\/figure><\/div>\n","protected":false},"excerpt":{"rendered":"<p>Festiwal Nauki jest kolejnym wydarzeniem, w kt\u00f3rym bierze udzia\u0142 KN IChiP! Za nami pierwsza lekcja festiwalowa o enigmatycznej nazwie &#8222;Mi\u0119dzy magi\u0105 a nauk\u0105&#8221;. Uczestnicy mogli do\u015bwiadczy\u0107 niesamowitych pokaz\u00f3w oraz wykona\u0107 przer\u00f3\u017cne eksperymenty. Okaza\u0142o si\u0119, \u017ce magi\u0119 od nauki dzieli naprawd\u0119 niewiele, czasem wystarczy olej i barwniki spo\u017cywcze \ud83d\ude09 Uczniowie zagrali w ping-ponga ba\u0144k\u0105 mydlan\u0105, pisali &#8230; <a title=\"Festiwal Nauki 2019\" class=\"read-more\" href=\"https:\/\/www.knichip.pw.edu.pl\/?page_id=2006\" aria-label=\"Read more about Festiwal Nauki 2019\">Dowiedz si\u0119 wi\u0119cej<\/a><\/p>\n","protected":false},"author":21,"featured_media":0,"parent":0,"menu_order":0,"comment_status":"closed","ping_status":"closed","template":"","meta":{"footnotes":""},"class_list":["post-2006","page","type-page","status-publish"],"_links":{"self":[{"href":"https:\/\/www.knichip.pw.edu.pl\/index.php?rest_route=\/wp\/v2\/pages\/2006","targetHints":{"allow":["GET"]}}],"collection":[{"href":"https:\/\/www.knichip.pw.edu.pl\/index.php?rest_route=\/wp\/v2\/pages"}],"about":[{"href":"https:\/\/www.knichip.pw.edu.pl\/index.php?rest_route=\/wp\/v2\/types\/page"}],"author":[{"embeddable":true,"href":"https:\/\/www.knichip.pw.edu.pl\/index.php?rest_route=\/wp\/v2\/users\/21"}],"replies":[{"embeddable":true,"href":"https:\/\/www.knichip.pw.edu.pl\/index.php?rest_route=%2Fwp%2Fv2%2Fcomments&post=2006"}],"version-history":[{"count":2,"href":"https:\/\/www.knichip.pw.edu.pl\/index.php?rest_route=\/wp\/v2\/pages\/2006\/revisions"}],"predecessor-version":[{"id":2012,"href":"https:\/\/www.knichip.pw.edu.pl\/index.php?rest_route=\/wp\/v2\/pages\/2006\/revisions\/2012"}],"wp:attachment":[{"href":"https:\/\/www.knichip.pw.edu.pl\/index.php?rest_route=%2Fwp%2Fv2%2Fmedia&parent=2006"}],"curies":[{"name":"wp","href":"https:\/\/api.w.org\/{rel}","templated":true}]}}