{"id":322,"date":"2013-12-01T20:00:26","date_gmt":"2013-12-01T20:00:26","guid":{"rendered":"http:\/\/www.knichip.pw.edu.pl\/?page_id=322"},"modified":"2015-03-12T02:48:03","modified_gmt":"2015-03-12T01:48:03","slug":"cyklon","status":"publish","type":"page","link":"https:\/\/www.knichip.pw.edu.pl\/?page_id=322","title":{"rendered":"Cyklon"},"content":{"rendered":"<p><a href=\"http:\/\/www.knichip.pw.edu.pl\/wp-content\/uploads\/2013\/12\/DSC_0431.jpg\"><img fetchpriority=\"high\" decoding=\"async\" class=\"alignnone size-full wp-image-738\" src=\"http:\/\/www.knichip.pw.edu.pl\/wp-content\/uploads\/2013\/12\/DSC_0431.jpg\" alt=\"DSC_0431\" width=\"3104\" height=\"1746\" srcset=\"https:\/\/www.knichip.pw.edu.pl\/wp-content\/uploads\/2013\/12\/DSC_0431.jpg 3104w, https:\/\/www.knichip.pw.edu.pl\/wp-content\/uploads\/2013\/12\/DSC_0431-300x168.jpg 300w, https:\/\/www.knichip.pw.edu.pl\/wp-content\/uploads\/2013\/12\/DSC_0431-1024x576.jpg 1024w, https:\/\/www.knichip.pw.edu.pl\/wp-content\/uploads\/2013\/12\/DSC_0431-500x281.jpg 500w, https:\/\/www.knichip.pw.edu.pl\/wp-content\/uploads\/2013\/12\/DSC_0431-900x506.jpg 900w\" sizes=\"(max-width: 3104px) 100vw, 3104px\" \/><\/a>Do\u015bwiadczenie przedstawia proces odpylania gaz\u00f3w, polegaj\u0105cy na bardzo efektywnym dzia\u0142aniu si\u0142 od\u015brodkowych (kilkukrotnie wi\u0119kszych od si\u0142 grawitacji) na cz\u0105stki aerozolowe. Strumie\u0144 aerozolowy wprowadzany jest w ruch wirowy poprzez wpuszczenie go stycznie do cz\u0119\u015bci cylindrycznej. \u00a0W wyniku ocierania si\u0119 o \u015bcianki cyklonu cz\u0105stki sta\u0142e trac\u0105 sw\u0105 pr\u0119dko\u015b\u0107 (energi\u0119 kinetyczn\u0105) i opadaj\u0105 pod wp\u0142ywem si\u0142y grawitacji, po czym usuwane s\u0105 dolnym kr\u00f3\u0107cem, a czyste powietrze wyp\u0142ywa w g\u00f3r\u0119 wraz z wirem wewn\u0119trznym.<\/p>\n<p>Odpylacze od\u015brodkowe znajduj\u0105 szerokie zastosowanie w przemy\u015ble, ze wzgl\u0119du na prost\u0105 budow\u0105, brak cz\u0119\u015bci ruchomych, mo\u017cliwo\u015b\u0107 pracy w wysokiej temperaturze i przy wysokim ci\u015bnieniu, niewielkie koszty wykonania oraz nieskomplikowana obs\u0142ug\u0119.<\/p>\n<p>Cyklony stosowane s\u0105 do:<\/p>\n<ul>\n<li>oddzielania przenoszonych pneumatycznie materia\u0142\u00f3w (np. wir\u00f3w, trocin) od powietrza,<\/li>\n<li>odpylania powietrza, pobieranego z otoczenia silnik\u00f3w, przewidzianych w du\u017cym zapyleniu,<\/li>\n<li>odpylania gaz\u00f3w odlotowych z ciep\u0142owni, elektrociep\u0142owni, hut.<\/li>\n<\/ul>\n<p><b>Sprawno\u015b\u0107 odpylania b\u0119dzie wzrasta\u0107:<\/b><\/p>\n<ul>\n<li>proporcjonalnie wraz z zwi\u0119kszeniem \u015brednicy cz\u0105stek,<\/li>\n<li>proporcjonalnie wraz ze zwi\u0119kszeniem pr\u0119dko\u015bci stycznej,<\/li>\n<li>proporcjonalnie wraz ze g\u0119sto\u015bci\u0105 ziaren,<\/li>\n<li>Odwrotnie proporcjonalna do promienia wirowanie cz\u0105stek.<\/li>\n<\/ul>\n","protected":false},"excerpt":{"rendered":"<p>Do\u015bwiadczenie przedstawia proces odpylania gaz\u00f3w, polegaj\u0105cy na bardzo efektywnym dzia\u0142aniu si\u0142 od\u015brodkowych (kilkukrotnie wi\u0119kszych od si\u0142 grawitacji) na cz\u0105stki aerozolowe. Strumie\u0144 aerozolowy wprowadzany jest w ruch wirowy poprzez wpuszczenie go stycznie do cz\u0119\u015bci cylindrycznej. \u00a0W wyniku ocierania si\u0119 o \u015bcianki cyklonu cz\u0105stki sta\u0142e trac\u0105 sw\u0105 pr\u0119dko\u015b\u0107 (energi\u0119 kinetyczn\u0105) i opadaj\u0105 pod wp\u0142ywem si\u0142y grawitacji, po &#8230; <a title=\"Cyklon\" class=\"read-more\" href=\"https:\/\/www.knichip.pw.edu.pl\/?page_id=322\" aria-label=\"Read more about Cyklon\">Dowiedz si\u0119 wi\u0119cej<\/a><\/p>\n","protected":false},"author":17,"featured_media":0,"parent":57,"menu_order":0,"comment_status":"closed","ping_status":"open","template":"","meta":{"footnotes":""},"class_list":["post-322","page","type-page","status-publish"],"_links":{"self":[{"href":"https:\/\/www.knichip.pw.edu.pl\/index.php?rest_route=\/wp\/v2\/pages\/322","targetHints":{"allow":["GET"]}}],"collection":[{"href":"https:\/\/www.knichip.pw.edu.pl\/index.php?rest_route=\/wp\/v2\/pages"}],"about":[{"href":"https:\/\/www.knichip.pw.edu.pl\/index.php?rest_route=\/wp\/v2\/types\/page"}],"author":[{"embeddable":true,"href":"https:\/\/www.knichip.pw.edu.pl\/index.php?rest_route=\/wp\/v2\/users\/17"}],"replies":[{"embeddable":true,"href":"https:\/\/www.knichip.pw.edu.pl\/index.php?rest_route=%2Fwp%2Fv2%2Fcomments&post=322"}],"version-history":[{"count":3,"href":"https:\/\/www.knichip.pw.edu.pl\/index.php?rest_route=\/wp\/v2\/pages\/322\/revisions"}],"predecessor-version":[{"id":740,"href":"https:\/\/www.knichip.pw.edu.pl\/index.php?rest_route=\/wp\/v2\/pages\/322\/revisions\/740"}],"up":[{"embeddable":true,"href":"https:\/\/www.knichip.pw.edu.pl\/index.php?rest_route=\/wp\/v2\/pages\/57"}],"wp:attachment":[{"href":"https:\/\/www.knichip.pw.edu.pl\/index.php?rest_route=%2Fwp%2Fv2%2Fmedia&parent=322"}],"curies":[{"name":"wp","href":"https:\/\/api.w.org\/{rel}","templated":true}]}}