{"id":98,"date":"2013-04-07T08:00:36","date_gmt":"2013-04-07T08:00:36","guid":{"rendered":"http:\/\/www.knichip.pw.edu.pl\/?page_id=98"},"modified":"2016-01-09T18:50:16","modified_gmt":"2016-01-09T17:50:16","slug":"budowa-modelu-sztucznego-pluca","status":"publish","type":"page","link":"https:\/\/www.knichip.pw.edu.pl\/?page_id=98","title":{"rendered":"Budowa modelu sztucznego p\u0142uca"},"content":{"rendered":"<p><strong>Badania zako\u0144czone<\/strong><\/p>\n<p>&nbsp;<\/p>\n<p><strong>Budowa modelu sztucznego p\u0142uca<\/strong><\/p>\n<div><b>opiekun: <a title=\"homepage\" href=\"http:\/\/www.ichip.pw.edu.pl\/pl\/moskal\" target=\"_blank\">prof. nzw. dr hab. in\u017c. Arkadiusz Moskal<\/a><br \/>\n<\/b><\/div>\n<div><\/div>\n<div id=\"wciecie\">Przewlek\u0142e choroby uk\u0142adu oddechowego przebiegaj\u0105ce z obturacj\u0105, czyli zw\u0119\u017ceniem oskrzeli, stanowi\u0105 powa\u017cny i wci\u0105\u017c narastaj\u0105cy problem zdrowotny w Polsce. Szacuje si\u0119, \u017ce najcz\u0119\u015bciej wyst\u0119puj\u0105ce, astma oskrzelowa i przewlek\u0142a obturacyjna choroba p\u0142uc (POChP) dotykaj\u0105 oko\u0142o 5-7 milion\u00f3w Polak\u00f3w. Co wi\u0119cej dane statystyczne i obserwacje kliniczne wskazuj\u0105, \u017ce liczba chorych stale ro\u015bnie. Statystyki oraz narastaj\u0105ce problemy techniczne, ekonomiczne oraz wzrastaj\u0105ce znaczenie kwestii etycznych powoduj\u0105, \u017ce wykorzystanie w badaniach naukowych wirtualnych organ\u00f3w mo\u017ce okaza\u0107 si\u0119 bardziej wygodne ni\u017c eksperymenty na zwierz\u0119tach czy ograniczone mo\u017cliwo\u015bci wykorzystania pacjent\u00f3w w badaniach.<br \/>\nCelem pracy by\u0142o zbudowanie modelu uk\u0142adu oddechowego, kt\u00f3ry mo\u017ce by\u0107 u\u017cyteczny w edukacji wy\u017cszej do testowania inhalator\u00f3w b\u0105d\u017a badania depozycji cz\u0105stek.<\/div>\n<div><\/div>\n<div>\n<p>Model ten dzia\u0142a na zasadzie t\u0142oka, praca kt\u00f3rego ma za zadanie symulowa\u0107 mi\u0119\u015bnie mi\u0119dzy\u017cebrowe i przepon\u0119. Uk\u0142ad jest po\u0142\u0105czony z komputerem dzi\u0119ki czemu mo\u017cna zadawa\u0107 r\u00f3\u017cne krzywe oddechowe.<\/p>\n<p>Praca p\u0142uca do obejrzenia na <a href=\"http:\/\/youtu.be\/dhhT3lppWsQ\" target=\"_blank\">YouTube<\/a><\/p>\n<p><iframe src=\"http:\/\/www.youtube.com\/embed\/dhhT3lppWsQ\" width=\"640\" height=\"480\" frameborder=\"0\" allowfullscreen=\"allowfullscreen\"><\/iframe><\/p>\n<p><strong>projekt oraz g\u0142\u00f3wny koordynator: <a title=\"homepage\" href=\"http:\/\/www.ichip.pw.edu.pl\/pl\/kotra\" target=\"_blank\">mgr. in\u017c.\u00a0Karolina Kotra<\/a>\u00a0<\/strong><\/p>\n<p><strong>wykonanie: in\u017c. Micha\u0142 Konicki, Krzysztof Bona<\/strong><\/p>\n<\/div>\n","protected":false},"excerpt":{"rendered":"<p>Badania zako\u0144czone &nbsp; Budowa modelu sztucznego p\u0142uca opiekun: prof. nzw. dr hab. in\u017c. Arkadiusz Moskal Przewlek\u0142e choroby uk\u0142adu oddechowego przebiegaj\u0105ce z obturacj\u0105, czyli zw\u0119\u017ceniem oskrzeli, stanowi\u0105 powa\u017cny i wci\u0105\u017c narastaj\u0105cy problem zdrowotny w Polsce. Szacuje si\u0119, \u017ce najcz\u0119\u015bciej wyst\u0119puj\u0105ce, astma oskrzelowa i przewlek\u0142a obturacyjna choroba p\u0142uc (POChP) dotykaj\u0105 oko\u0142o 5-7 milion\u00f3w Polak\u00f3w. Co wi\u0119cej dane &#8230; <a title=\"Budowa modelu sztucznego p\u0142uca\" class=\"read-more\" href=\"https:\/\/www.knichip.pw.edu.pl\/?page_id=98\" aria-label=\"Read more about Budowa modelu sztucznego p\u0142uca\">Dowiedz si\u0119 wi\u0119cej<\/a><\/p>\n","protected":false},"author":17,"featured_media":0,"parent":8,"menu_order":1,"comment_status":"closed","ping_status":"open","template":"","meta":{"footnotes":""},"class_list":["post-98","page","type-page","status-publish"],"_links":{"self":[{"href":"https:\/\/www.knichip.pw.edu.pl\/index.php?rest_route=\/wp\/v2\/pages\/98","targetHints":{"allow":["GET"]}}],"collection":[{"href":"https:\/\/www.knichip.pw.edu.pl\/index.php?rest_route=\/wp\/v2\/pages"}],"about":[{"href":"https:\/\/www.knichip.pw.edu.pl\/index.php?rest_route=\/wp\/v2\/types\/page"}],"author":[{"embeddable":true,"href":"https:\/\/www.knichip.pw.edu.pl\/index.php?rest_route=\/wp\/v2\/users\/17"}],"replies":[{"embeddable":true,"href":"https:\/\/www.knichip.pw.edu.pl\/index.php?rest_route=%2Fwp%2Fv2%2Fcomments&post=98"}],"version-history":[{"count":26,"href":"https:\/\/www.knichip.pw.edu.pl\/index.php?rest_route=\/wp\/v2\/pages\/98\/revisions"}],"predecessor-version":[{"id":1256,"href":"https:\/\/www.knichip.pw.edu.pl\/index.php?rest_route=\/wp\/v2\/pages\/98\/revisions\/1256"}],"up":[{"embeddable":true,"href":"https:\/\/www.knichip.pw.edu.pl\/index.php?rest_route=\/wp\/v2\/pages\/8"}],"wp:attachment":[{"href":"https:\/\/www.knichip.pw.edu.pl\/index.php?rest_route=%2Fwp%2Fv2%2Fmedia&parent=98"}],"curies":[{"name":"wp","href":"https:\/\/api.w.org\/{rel}","templated":true}]}}